{"id":146,"date":"2020-09-08T15:16:13","date_gmt":"2020-09-08T13:16:13","guid":{"rendered":"https:\/\/kfp.pl\/o-firmie\/?page_id=146"},"modified":"2021-04-01T12:49:39","modified_gmt":"2021-04-01T10:49:39","slug":"ilustracja-ksiazkowa","status":"publish","type":"page","link":"https:\/\/kfp.pl\/o-firmie\/ilustracja-ksiazkowa\/","title":{"rendered":"Ilustracja ksi\u0105\u017ckowa"},"content":{"rendered":"\t\t<div data-elementor-type=\"wp-page\" data-elementor-id=\"146\" class=\"elementor elementor-146\" data-elementor-settings=\"[]\">\n\t\t\t\t\t\t\t<div class=\"elementor-section-wrap\">\n\t\t\t\t\t\t\t<section class=\"elementor-section elementor-top-section elementor-element elementor-element-c1c328d elementor-section-boxed elementor-section-height-default elementor-section-height-default\" data-id=\"c1c328d\" data-element_type=\"section\">\n\t\t\t\t\t\t<div class=\"elementor-container elementor-column-gap-default\">\n\t\t\t\t\t<div class=\"elementor-column elementor-col-100 elementor-top-column elementor-element elementor-element-450db5a\" data-id=\"450db5a\" data-element_type=\"column\">\n\t\t\t<div class=\"elementor-widget-wrap elementor-element-populated\">\n\t\t\t\t\t\t\t\t<div class=\"elementor-element elementor-element-9b4cda3 elementor-widget elementor-widget-heading\" data-id=\"9b4cda3\" data-element_type=\"widget\" data-widget_type=\"heading.default\">\n\t\t\t\t<div class=\"elementor-widget-container\">\n\t\t\t<h2 class=\"elementor-heading-title elementor-size-default\">Ilustracja ksi\u0105\u017ckowa<\/h2>\t\t<\/div>\n\t\t\t\t<\/div>\n\t\t\t\t\t<\/div>\n\t\t<\/div>\n\t\t\t\t\t\t\t<\/div>\n\t\t<\/section>\n\t\t\t\t<section class=\"elementor-section elementor-top-section elementor-element elementor-element-718008a elementor-section-boxed elementor-section-height-default elementor-section-height-default\" data-id=\"718008a\" data-element_type=\"section\">\n\t\t\t\t\t\t<div class=\"elementor-container elementor-column-gap-default\">\n\t\t\t\t\t<div class=\"elementor-column elementor-col-50 elementor-top-column elementor-element elementor-element-7296f16\" data-id=\"7296f16\" data-element_type=\"column\">\n\t\t\t<div class=\"elementor-widget-wrap elementor-element-populated\">\n\t\t\t\t\t\t\t\t<div class=\"elementor-element elementor-element-bd9e8e9 elementor-align-center elementor-widget elementor-widget-lottie\" data-id=\"bd9e8e9\" data-element_type=\"widget\" data-settings=\"{&quot;source_json&quot;:{&quot;url&quot;:&quot;https:\\\/\\\/kfp.pl\\\/o-firmie\\\/wp-content\\\/uploads\\\/2020\\\/09\\\/15457-camera-snapshot.json&quot;,&quot;id&quot;:132},&quot;loop&quot;:&quot;yes&quot;,&quot;source&quot;:&quot;media_file&quot;,&quot;caption_source&quot;:&quot;none&quot;,&quot;link_to&quot;:&quot;none&quot;,&quot;trigger&quot;:&quot;arriving_to_viewport&quot;,&quot;viewport&quot;:{&quot;unit&quot;:&quot;%&quot;,&quot;size&quot;:&quot;&quot;,&quot;sizes&quot;:{&quot;start&quot;:0,&quot;end&quot;:100}},&quot;play_speed&quot;:{&quot;unit&quot;:&quot;px&quot;,&quot;size&quot;:1,&quot;sizes&quot;:[]},&quot;start_point&quot;:{&quot;unit&quot;:&quot;%&quot;,&quot;size&quot;:&quot;0&quot;,&quot;sizes&quot;:[]},&quot;end_point&quot;:{&quot;unit&quot;:&quot;%&quot;,&quot;size&quot;:&quot;100&quot;,&quot;sizes&quot;:[]},&quot;renderer&quot;:&quot;svg&quot;}\" data-widget_type=\"lottie.default\">\n\t\t\t\t<div class=\"elementor-widget-container\">\n\t\t\t<div class=\"e-lottie__container\"><div class=\"e-lottie__animation\"><\/div><\/div>\t\t<\/div>\n\t\t\t\t<\/div>\n\t\t\t\t\t<\/div>\n\t\t<\/div>\n\t\t\t\t<div class=\"elementor-column elementor-col-50 elementor-top-column elementor-element elementor-element-dd7d57b\" data-id=\"dd7d57b\" data-element_type=\"column\">\n\t\t\t<div class=\"elementor-widget-wrap elementor-element-populated\">\n\t\t\t\t\t\t\t\t<div class=\"elementor-element elementor-element-d9801c0 elementor-widget elementor-widget-text-editor\" data-id=\"d9801c0\" data-element_type=\"widget\" data-widget_type=\"text-editor.default\">\n\t\t\t\t<div class=\"elementor-widget-container\">\n\t\t\t\t\t\t\t\t<p>Jeste\u015bmy wydawc\u0105 i jeste\u015bmy dla wydawc\u00f3w. Rokrocznie co najmniej kilkadziesi\u0105t zdj\u0119\u0107 z ponadp\u00f3\u0142milionowego banku KFP trafia na karty ksi\u0105\u017cek. Ka\u017cde z nich, nabieraj\u0105c zapachu farby drukarskiej i papieru ksi\u0105\u017ckowego, sprawia, \u017ce pracy fotoreportera towarzyszy poczucie wsp\u00f3\u0142tworzenia, a wr\u0119cz wchodzenia do historii. Tylko ksi\u0105\u017cki daj\u0105 nam t\u0119 nieprzemijaj\u0105c\u0105 moc. Oto niekt\u00f3re z wielu zilustrowanych przez nas pozycji: \u201eCybulski o sobie\u201d (Wydawnictwo MG, 2012 r.), \u201eMoja \u017cona tramwajarka. Opowie\u015b\u0107 o Henryce Krzywonos-Strycharskiej\u201d (Agora, 2019), \u201ePoczet Zas\u0142u\u017conych dla gda\u0144skiego sportu\u201d (Wydawnictwo Drukarnia WL, 2018), \u201eZatrzymane w biegu\u201d autorstwa profesor Jacka Jassema (Gda\u0144ski Kantor Wydawniczy i Wydawnictwo Region, 2020 r.), \u201eGda\u0144sk wed\u0142ug Paw\u0142a Adamowicza (Oficyna Gda\u0144ska, 2019 r.), \u201eFranciszek Walicki we wspomnieniach Anio\u0142a Str\u00f3\u017ca\u201d (Wydawnictwo Bernardinum, 2016 r.) czy te\u017c \u201eLiterarischer Reisef\u00fchrer Danzig\u201d (Deutsches Kulturforum \u00f6stliches Europa, 2019 r.).<\/p>\t\t\t\t\t\t<\/div>\n\t\t\t\t<\/div>\n\t\t\t\t\t<\/div>\n\t\t<\/div>\n\t\t\t\t\t\t\t<\/div>\n\t\t<\/section>\n\t\t\t\t<section class=\"elementor-section elementor-top-section elementor-element elementor-element-d8d2d6f elementor-section-boxed elementor-section-height-default elementor-section-height-default\" data-id=\"d8d2d6f\" data-element_type=\"section\">\n\t\t\t\t\t\t<div class=\"elementor-container elementor-column-gap-default\">\n\t\t\t\t\t<div class=\"elementor-column elementor-col-100 elementor-top-column elementor-element elementor-element-7c0bf38\" data-id=\"7c0bf38\" data-element_type=\"column\">\n\t\t\t<div class=\"elementor-widget-wrap elementor-element-populated\">\n\t\t\t\t\t\t\t\t<div class=\"elementor-element elementor-element-b794c22 elementor-widget elementor-widget-gallery\" data-id=\"b794c22\" data-element_type=\"widget\" data-settings=\"{&quot;gallery_layout&quot;:&quot;justified&quot;,&quot;lazyload&quot;:&quot;yes&quot;,&quot;ideal_row_height&quot;:{&quot;unit&quot;:&quot;px&quot;,&quot;size&quot;:200,&quot;sizes&quot;:[]},&quot;ideal_row_height_tablet&quot;:{&quot;unit&quot;:&quot;px&quot;,&quot;size&quot;:150,&quot;sizes&quot;:[]},&quot;ideal_row_height_mobile&quot;:{&quot;unit&quot;:&quot;px&quot;,&quot;size&quot;:150,&quot;sizes&quot;:[]},&quot;gap&quot;:{&quot;unit&quot;:&quot;px&quot;,&quot;size&quot;:10,&quot;sizes&quot;:[]},&quot;gap_tablet&quot;:{&quot;unit&quot;:&quot;px&quot;,&quot;size&quot;:10,&quot;sizes&quot;:[]},&quot;gap_mobile&quot;:{&quot;unit&quot;:&quot;px&quot;,&quot;size&quot;:10,&quot;sizes&quot;:[]},&quot;link_to&quot;:&quot;file&quot;,&quot;overlay_background&quot;:&quot;yes&quot;,&quot;content_hover_animation&quot;:&quot;fade-in&quot;}\" data-widget_type=\"gallery.default\">\n\t\t\t\t<div class=\"elementor-widget-container\">\n\t\t\t\t\t<div class=\"elementor-gallery__container\">\n\t\t\t\t\t\t\t<a class=\"e-gallery-item elementor-gallery-item elementor-animated-content\" href=\"https:\/\/kfp.pl\/o-firmie\/wp-content\/uploads\/2021\/02\/Ilustracja-ksiazkowa-okladka-w-biegu-Jacek-Jassem.jpg\" data-elementor-open-lightbox=\"yes\" data-elementor-lightbox-slideshow=\"all-b794c22\">\n\t\t\t\t\t<div class=\"e-gallery-image elementor-gallery-item__image\" data-thumbnail=\"https:\/\/kfp.pl\/o-firmie\/wp-content\/uploads\/2021\/02\/Ilustracja-ksiazkowa-okladka-w-biegu-Jacek-Jassem-215x300.jpg\" data-width=\"215\" data-height=\"300\" alt=\"\" ><\/div>\n\t\t\t\t\t\t\t\t\t\t<div class=\"elementor-gallery-item__overlay\"><\/div>\n\t\t\t\t\t\t\t\t\t\t\t\t\t\t<\/a>\n\t\t\t\t\t\t\t<a class=\"e-gallery-item elementor-gallery-item elementor-animated-content\" href=\"https:\/\/kfp.pl\/o-firmie\/wp-content\/uploads\/2021\/02\/ilustracje-ksiazkowe-KFP-Kosycarz-01.jpg\" data-elementor-open-lightbox=\"yes\" data-elementor-lightbox-slideshow=\"all-b794c22\">\n\t\t\t\t\t<div class=\"e-gallery-image elementor-gallery-item__image\" data-thumbnail=\"https:\/\/kfp.pl\/o-firmie\/wp-content\/uploads\/2021\/02\/ilustracje-ksiazkowe-KFP-Kosycarz-01-300x200.jpg\" data-width=\"300\" data-height=\"200\" alt=\"\" ><\/div>\n\t\t\t\t\t\t\t\t\t\t<div class=\"elementor-gallery-item__overlay\"><\/div>\n\t\t\t\t\t\t\t\t\t\t\t\t\t\t<\/a>\n\t\t\t\t\t\t\t<a class=\"e-gallery-item elementor-gallery-item elementor-animated-content\" href=\"https:\/\/kfp.pl\/o-firmie\/wp-content\/uploads\/2021\/02\/ilustracje-ksiazkowe-KFP-Kosycarz-03.jpg\" data-elementor-open-lightbox=\"yes\" data-elementor-lightbox-slideshow=\"all-b794c22\">\n\t\t\t\t\t<div class=\"e-gallery-image elementor-gallery-item__image\" data-thumbnail=\"https:\/\/kfp.pl\/o-firmie\/wp-content\/uploads\/2021\/02\/ilustracje-ksiazkowe-KFP-Kosycarz-03-300x200.jpg\" data-width=\"300\" data-height=\"200\" alt=\"\" ><\/div>\n\t\t\t\t\t\t\t\t\t\t<div class=\"elementor-gallery-item__overlay\"><\/div>\n\t\t\t\t\t\t\t\t\t\t\t\t\t\t<\/a>\n\t\t\t\t\t\t\t<a class=\"e-gallery-item elementor-gallery-item elementor-animated-content\" href=\"https:\/\/kfp.pl\/o-firmie\/wp-content\/uploads\/2021\/02\/ilustracje-ksiazkowe-KFP-Kosycarz-05.jpg\" data-elementor-open-lightbox=\"yes\" data-elementor-lightbox-slideshow=\"all-b794c22\">\n\t\t\t\t\t<div class=\"e-gallery-image elementor-gallery-item__image\" data-thumbnail=\"https:\/\/kfp.pl\/o-firmie\/wp-content\/uploads\/2021\/02\/ilustracje-ksiazkowe-KFP-Kosycarz-05-300x200.jpg\" data-width=\"300\" data-height=\"200\" alt=\"\" ><\/div>\n\t\t\t\t\t\t\t\t\t\t<div class=\"elementor-gallery-item__overlay\"><\/div>\n\t\t\t\t\t\t\t\t\t\t\t\t\t\t<\/a>\n\t\t\t\t\t\t\t<a class=\"e-gallery-item elementor-gallery-item elementor-animated-content\" href=\"https:\/\/kfp.pl\/o-firmie\/wp-content\/uploads\/2021\/02\/ilustracje-ksiazkowe-KFP-Kosycarz-04.jpg\" data-elementor-open-lightbox=\"yes\" data-elementor-lightbox-slideshow=\"all-b794c22\">\n\t\t\t\t\t<div class=\"e-gallery-image elementor-gallery-item__image\" data-thumbnail=\"https:\/\/kfp.pl\/o-firmie\/wp-content\/uploads\/2021\/02\/ilustracje-ksiazkowe-KFP-Kosycarz-04-300x200.jpg\" data-width=\"300\" data-height=\"200\" alt=\"\" ><\/div>\n\t\t\t\t\t\t\t\t\t\t<div class=\"elementor-gallery-item__overlay\"><\/div>\n\t\t\t\t\t\t\t\t\t\t\t\t\t\t<\/a>\n\t\t\t\t\t\t\t<a class=\"e-gallery-item elementor-gallery-item elementor-animated-content\" href=\"https:\/\/kfp.pl\/o-firmie\/wp-content\/uploads\/2021\/02\/ilustracje-ksiazkowe-KFP-Kosycarz-06.jpg\" data-elementor-open-lightbox=\"yes\" data-elementor-lightbox-slideshow=\"all-b794c22\">\n\t\t\t\t\t<div class=\"e-gallery-image elementor-gallery-item__image\" data-thumbnail=\"https:\/\/kfp.pl\/o-firmie\/wp-content\/uploads\/2021\/02\/ilustracje-ksiazkowe-KFP-Kosycarz-06-300x200.jpg\" data-width=\"300\" data-height=\"200\" alt=\"\" ><\/div>\n\t\t\t\t\t\t\t\t\t\t<div class=\"elementor-gallery-item__overlay\"><\/div>\n\t\t\t\t\t\t\t\t\t\t\t\t\t\t<\/a>\n\t\t\t\t\t\t\t<a class=\"e-gallery-item elementor-gallery-item elementor-animated-content\" href=\"https:\/\/kfp.pl\/o-firmie\/wp-content\/uploads\/2021\/02\/Walesa-Album-4.jpg\" data-elementor-open-lightbox=\"yes\" data-elementor-lightbox-slideshow=\"all-b794c22\">\n\t\t\t\t\t<div class=\"e-gallery-image elementor-gallery-item__image\" data-thumbnail=\"https:\/\/kfp.pl\/o-firmie\/wp-content\/uploads\/2021\/02\/Walesa-Album-4-292x300.jpg\" data-width=\"292\" data-height=\"300\" alt=\"\" ><\/div>\n\t\t\t\t\t\t\t\t\t\t<div class=\"elementor-gallery-item__overlay\"><\/div>\n\t\t\t\t\t\t\t\t\t\t\t\t\t\t<\/a>\n\t\t\t\t\t<\/div>\n\t\t\t<\/div>\n\t\t\t\t<\/div>\n\t\t\t\t\t<\/div>\n\t\t<\/div>\n\t\t\t\t\t\t\t<\/div>\n\t\t<\/section>\n\t\t\t\t<section class=\"elementor-section elementor-top-section elementor-element elementor-element-0190015 elementor-section-content-middle elementor-section-boxed elementor-section-height-default elementor-section-height-default\" data-id=\"0190015\" data-element_type=\"section\">\n\t\t\t\t\t\t\t<div class=\"elementor-background-overlay\"><\/div>\n\t\t\t\t\t\t\t<div class=\"elementor-container elementor-column-gap-default\">\n\t\t\t\t\t<div class=\"elementor-column elementor-col-100 elementor-top-column elementor-element elementor-element-20de6cc\" data-id=\"20de6cc\" data-element_type=\"column\">\n\t\t\t<div class=\"elementor-widget-wrap elementor-element-populated\">\n\t\t\t\t\t\t\t\t<div class=\"elementor-element elementor-element-3126a5e elementor-align-center elementor-widget elementor-widget-global elementor-global-1973 elementor-widget-button\" data-id=\"3126a5e\" data-element_type=\"widget\" data-widget_type=\"button.default\">\n\t\t\t\t<div class=\"elementor-widget-container\">\n\t\t\t\t\t<div class=\"elementor-button-wrapper\">\n\t\t\t<a href=\"https:\/\/kfp.pl\/o-firmie\/kontakt\/\" target=\"_blank\" class=\"elementor-button-link elementor-button elementor-size-md\" role=\"button\">\n\t\t\t\t\t\t<span class=\"elementor-button-content-wrapper\">\n\t\t\t\t\t\t<span class=\"elementor-button-icon elementor-align-icon-left\">\n\t\t\t\t<i aria-hidden=\"true\" class=\"far fa-arrow-alt-circle-right\"><\/i>\t\t\t<\/span>\n\t\t\t\t\t\t<span class=\"elementor-button-text\">Skontaktuj si\u0119 z nami<\/span>\n\t\t<\/span>\n\t\t\t\t\t<\/a>\n\t\t<\/div>\n\t\t\t\t<\/div>\n\t\t\t\t<\/div>\n\t\t\t\t\t<\/div>\n\t\t<\/div>\n\t\t\t\t\t\t\t<\/div>\n\t\t<\/section>\n\t\t\t\t\t\t<\/div>\n\t\t\t\t\t<\/div>\n\t\t","protected":false},"excerpt":{"rendered":"<p>Ilustracja ksi\u0105\u017ckowa Jeste\u015bmy wydawc\u0105 i jeste\u015bmy dla wydawc\u00f3w. Rokrocznie co najmniej kilkadziesi\u0105t zdj\u0119\u0107 z ponadp\u00f3\u0142milionowego banku KFP trafia na karty ksi\u0105\u017cek. Ka\u017cde z nich, nabieraj\u0105c zapachu farby drukarskiej i papieru ksi\u0105\u017ckowego, sprawia, \u017ce pracy fotoreportera towarzyszy poczucie wsp\u00f3\u0142tworzenia, a wr\u0119cz wchodzenia do historii. Tylko ksi\u0105\u017cki daj\u0105 nam t\u0119 nieprzemijaj\u0105c\u0105 moc. Oto niekt\u00f3re z wielu zilustrowanych &hellip;<\/p>\n<p class=\"read-more\"> <a class=\"\" href=\"https:\/\/kfp.pl\/o-firmie\/ilustracja-ksiazkowa\/\"> <span class=\"screen-reader-text\">Ilustracja ksi\u0105\u017ckowa<\/span> Read More \u00bb<\/a><\/p>\n","protected":false},"author":1,"featured_media":0,"parent":0,"menu_order":0,"comment_status":"closed","ping_status":"closed","template":"","meta":[],"uagb_featured_image_src":{"full":false,"thumbnail":false,"medium":false,"medium_large":false,"large":false,"1536x1536":false,"2048x2048":false,"woocommerce_thumbnail":false,"woocommerce_single":false,"woocommerce_gallery_thumbnail":false,"shop_catalog":false,"shop_single":false,"shop_thumbnail":false},"uagb_author_info":{"display_name":"portfolio.admin","author_link":"https:\/\/kfp.pl\/o-firmie\/author\/portfolio-admin\/"},"uagb_comment_info":0,"uagb_excerpt":"Ilustracja ksi\u0105\u017ckowa Jeste\u015bmy wydawc\u0105 i jeste\u015bmy dla wydawc\u00f3w. Rokrocznie co najmniej kilkadziesi\u0105t zdj\u0119\u0107 z ponadp\u00f3\u0142milionowego banku KFP trafia na karty ksi\u0105\u017cek. Ka\u017cde z nich, nabieraj\u0105c zapachu farby drukarskiej i papieru ksi\u0105\u017ckowego, sprawia, \u017ce pracy fotoreportera towarzyszy poczucie wsp\u00f3\u0142tworzenia, a wr\u0119cz wchodzenia do historii. Tylko ksi\u0105\u017cki daj\u0105 nam t\u0119 nieprzemijaj\u0105c\u0105 moc. Oto niekt\u00f3re z wielu zilustrowanych&hellip;","_links":{"self":[{"href":"https:\/\/kfp.pl\/o-firmie\/wp-json\/wp\/v2\/pages\/146"}],"collection":[{"href":"https:\/\/kfp.pl\/o-firmie\/wp-json\/wp\/v2\/pages"}],"about":[{"href":"https:\/\/kfp.pl\/o-firmie\/wp-json\/wp\/v2\/types\/page"}],"author":[{"embeddable":true,"href":"https:\/\/kfp.pl\/o-firmie\/wp-json\/wp\/v2\/users\/1"}],"replies":[{"embeddable":true,"href":"https:\/\/kfp.pl\/o-firmie\/wp-json\/wp\/v2\/comments?post=146"}],"version-history":[{"count":17,"href":"https:\/\/kfp.pl\/o-firmie\/wp-json\/wp\/v2\/pages\/146\/revisions"}],"predecessor-version":[{"id":1982,"href":"https:\/\/kfp.pl\/o-firmie\/wp-json\/wp\/v2\/pages\/146\/revisions\/1982"}],"wp:attachment":[{"href":"https:\/\/kfp.pl\/o-firmie\/wp-json\/wp\/v2\/media?parent=146"}],"curies":[{"name":"wp","href":"https:\/\/api.w.org\/{rel}","templated":true}]}}